sor of 7 and 77.
7
What is the highest common divisor of 256 and 96?
32
Calculate the greatest common divisor of 1494 and 83.
83
What is the greatest common factor of 186 and 168?
6
Calculate the highest common factor of 754 and 203.
29
Calculate the highest common divisor of 105 and 357.
21
Calculate the highest common divisor of 7 and 5033.
7
Calculate the highest common factor of 31 and 11749.
31
What is the greatest common divisor of 960 and 32?
32
What is the greatest common factor of 49 and 15043?
49
Calculate the greatest common factor of 1737 and 965.
193
What is the highest common factor of 522 and 18?
18
Calculate the highest common factor of 520 and 160.
40
What is the highest common factor of 6 and 222?
6
Calculate the highest common factor of 7 and 217.
7
Calculate the highest common factor of 186 and 23591.
31
Calculate the highest common divisor of 16 and 92.
4
What is the highest common divisor of 279 and 27?
9
What is the highest common divisor of 616 and 231?
77
What is the greatest common factor of 102 and 5151?
51
What is the highest common factor of 951 and 3?
3
What is the highest common factor of 282 and 152844?
282
Calculate the highest common divisor of 369 and 1435.
41
What is the greatest common factor of 550 and 3168?
22
What is the highest common divisor of 1134 and 1674?
54
Calculate the highest common factor of 153 and 646.
17
Calculate the greatest common factor of 1694 and 350.
14
Calculate the greatest common factor of 27 and 207.
9
What is the highest common factor of 74 and 72298?
74
Calculate the greatest common divisor of 126 and 5436.
18
Calculate the highest common factor of 126 and 54.
18
Calculate the highest common factor of 15 and 25.
5
Calculate the greatest common factor of 95 and 171.
19
Calculate the greatest common divisor of 75 and 1200.
75
Calculate the highest common factor of 52 and 2132.
52
What is the greatest common divisor of 684 and 19?
19
Calculate the highest common factor of 53807 and 26.
13
What is the greatest common divisor of 18 and 144?
18
What is the highest common factor of 27 and 1512?
27
Calculate the greatest common factor of 539 and 1960.
49
What is the greatest common divisor of 198 and 88?
22
Calculate the greatest common divisor of 147 and 7.
7
What is the greatest common divisor of 108 and 52?
4
What is the greatest common factor of 23 and 391?
23
What is the highest common factor of 1589 and 28?
7
What is the highest common divisor of 286 and 104?
26
Calculate the greatest common divisor of 120 and 732.
12
Calculate the greatest common divisor of 19535 and 5.
5
Calculate the highest common factor of 36 and 90.
18
Calculate the highest common factor of 234 and 78.
78
What is the highest common divisor of 68 and 1411?
17
Calculate the highest common divisor of 92 and 1886.
46
Calculate the greatest common divisor of 24552 and 99.
99
Calculate the highest common factor of 2993 and 1679.
73
What is the highest common factor of 942 and 6?
6
What is the highest common factor of 945 and 175?
35
What is the highest common divisor of 21 and 147?
21
Calculate the greatest common divisor of 20 and 21210.
10
What is the highest common factor of 30 and 160?
10
Calculate the highest common factor of 2591 and 1.
1
What is the highest common factor of 250 and 80?
10
What is the greatest common factor of 63 and 90?
9
Calculate the highest common factor of 180 and 20.
20
What is the greatest common divisor of 1035 and 45?
45
What is the highest common factor of 567 and 7?
7
What is the highest common divisor of 2482 and 102?
34
What is the greatest common factor of 34 and 68?
34
What is the highest common factor of 108 and 459?
27
Calculate the highest common divisor of 10 and 190.
10
What is the highest common factor of 5330 and 25?
5
Calculate the highest common divisor of 68 and 2057.
17
Calculate the highest common divisor of 40 and 1370.
10
Calculate the highest common divisor of 48 and 3072.
48
Calculate the highest common divisor of 5768 and 3708.
412
What is the greatest common factor of 10 and 270?
10
Calculate the highest common factor of 55 and 5.
5
What is the highest common factor of 264 and 2046?
66
Calculate the highest common factor of 3973 and 87.
29
Calculate the greatest common divisor of 90 and 54.
18
What is the greatest common factor of 80 and 5320?
40
Calculate the greatest common factor of 3 and 1029.
3
What is the highest common divisor of 427 and 6161?
61
What is the greatest common factor of 27 and 189?
27
Calculate the highest common factor of 14 and 413.
7
Calculate the highest common factor of 772 and 316.
4
What is the greatest common divisor of 57 and 456?
57
Calculate the greatest common factor of 132 and 4444.
44
Calculate the greatest common divisor of 214 and 1498.
214
Calculate the greatest common divisor of 1464 and 3843.
183
What is the greatest common divisor of 9 and 6?
3
Calculate the highest common factor of 3447 and 3064.
383
Calculate the highest common divisor of 13 and 1.
1
Calculate the greatest common factor of 812 and 28.
28
What is the greatest common divisor of 98 and 42?
14
What is the greatest common divisor of 5346 and 198?
198
Calculate the greatest common divisor of 9 and 2583.
9
Calculate the highest common divisor of 1 and 7.
1
Calculate the greatest common factor of 128 and 3.
1
Calculate the greatest common divisor of 28 and 126.
14
What is the highest common factor of 217 and 63?
7
Calculate the greatest common divisor of 219 and 3.
3
What is the highest common divisor of 189 and 2205?
63
Calculate the highest common factor of 2 and 8.
2
What is the greatest common factor of 2418 and 78?
78
Calculate the greatest common divisor of 35 and 170.
5
Calculate the highest common divisor of 12 and 2346.
6
What is the greatest common factor of 9840 and 12?
12
Calculate the highest common factor of 95 and 5.
5
What is the highest common divisor of 20 and 8?
4
Calculate the highest common factor of 36 and 768.
12
What is the highest common factor of 132 and 7062?
66
What is the greatest common divisor of 150 and 1850?
50
Calculate the greatest common factor of 44568 and 72.
72
What is the highest common divisor of 1 and 37?
1
Calculate the highest common factor of 32 and 256.
32
Calculate the highest common factor of 14 and 46.
2
What is the greatest common factor of 69 and 8027?
23
What is the greatest common factor of 1183 and 39?
13
What is the highest common divisor of 280 and 336?
56
Calculate the highest common divisor of 136 and 25772.
68
Calculate the highest common factor of 38 and 171.
19
Calculate the greatest common divisor of 28 and 32088.
28
What is the highest common divisor of 832 and 128?
64
Calculate the greatest common divisor of 13 and 4758.
13
What is the greatest common divisor of 66 and 1518?
66
Calculate the highest common divisor of 4 and 3316.
4
What is the highest common divisor of 40 and 5?
5
What is the highest common divisor of 806 and 78?
26
Calculate the greatest common divisor of 652 and 4.
4
Calculate the highest common divisor of 108 and 378.
54
What is the highest common factor of 59837 and 53?
53
What is the highest common factor of 774 and 72?
18
What is the highest common divisor of 8112 and 3?
3
Calculate the greatest common divisor of 65 and 20.
5
Calculate the highest common divisor of 55 and 3179.
11
Calculate the greatest common divisor of 1196 and 1150.
46
What is the highest common divisor of 3124 and 352?
44
What is the highest common factor of 60 and 960?
60
What is the highest common factor of 38 and 722?
38
What is the highest common factor of 2844 and 24?
12
Calculate the greatest common factor of 310 and 992.
62
Calculate the highest common divisor of 15 and 22215.
15
What is the highest common divisor of 99 and 55?
11
Calculate the highest common factor of 55 and 638.
11
What is the highest common divisor of 539 and 385?
77
What is the greatest common divisor of 315 and 45?
45
What is the greatest common factor of 2047 and 89?
89
Calculate the highest common factor of 642 and 24.
6
Calculate the greatest common factor of 1819 and 34.
17
Calculate the greatest common divisor of 2329 and 34.
17
What is the greatest common divisor of 55 and 187?
11
What is the highest common divis